9, what is 1048 - -5?
1054
In base 13, what is 3 - -5a0?
5a3
In base 7, what is -2 + -103?
-105
In base 13, what is -c66 + 4?
-c62
In base 10, what is -20 + 79?
59
In base 15, what is -a - 2?
-c
In base 5, what is -10 - -14003?
13443
In base 12, what is -2 + 605?
603
In base 2, what is -101 + -1001010?
-1001111
In base 4, what is 1 + -12011?
-12010
In base 2, what is 0 + -101110000001?
-101110000001
In base 2, what is 1001 + 10101110010?
10101111011
In base 8, what is -54 - -107?
33
In base 14, what is 30 + 2b?
5b
In base 14, what is 2 - 863?
-861
In base 7, what is -25424 - -4?
-25420
In base 6, what is 3 - 15?
-12
In base 7, what is 14441 - 2?
14436
In base 7, what is -653 + -3?
-656
In base 10, what is -298 + 9?
-289
In base 9, what is 1 + 77?
78
In base 10, what is -2 - -5947?
5945
In base 4, what is -12 + -10202?
-10220
In base 10, what is 12681 + 0?
12681
In base 12, what is 9 + -22?
-15
In base 7, what is -40 - 3?
-43
In base 16, what is 21 - -22?
43
In base 5, what is -2 - 3014?
-3021
In base 7, what is 3 + -42?
-36
In base 15, what is -15c + -1?
-15d
In base 12, what is -885 - -5?
-880
In base 4, what is -3300 + 3?
-3231
In base 8, what is -3 + 54?
51
In base 10, what is 138 + 0?
138
In base 10, what is 43 + -100?
-57
In base 8, what is 441 + 15?
456
In base 13, what is -6 - -19a?
194
In base 5, what is -3234 + 3?
-3231
In base 9, what is -15732 - -5?
-15726
In base 4, what is -1 + -110?
-111
In base 10, what is 17 + -40?
-23
In base 2, what is -1110 + 10000?
10
In base 6, what is 1 + -123?
-122
In base 10, what is 18 - 30?
-12
In base 9, what is 7 + 253?
261
In base 10, what is 4 + 7124?
7128
In base 5, what is 0 - -120?
120
In base 13, what is 14 + 56?
6a
In base 8, what is 1 - 60?
-57
In base 8, what is -6 + -26?
-34
In base 10, what is -89 - -27?
-62
In base 8, what is -40 - 16?
-56
In base 10, what is 3 - -32?
35
In base 13, what is 3 - 15c?
-159
In base 6, what is 30 - 341?
-311
In base 8, what is 3 - 0?
3
In base 3, what is -10110 - 2111?
-12221
In base 9, what is 655 + -3?
652
In base 12, what is -965 + 2?
-963
In base 3, what is -2000 + 1010?
-220
In base 12, what is -1 - 249?
-24a
In base 11, what is -234 + 1?
-233
In base 3, what is 202 + -211?
-2
In base 4, what is -303122 - -10?
-303112
In base 9, what is 17 - -282?
310
In base 15, what is 24 - 7e?
-5a
In base 10, what is -16 + 73?
57
In base 13, what is 21a - 1b?
1cc
In base 6, what is -1 - 10430?
-10431
In base 10, what is 35 - 7?
28
In base 6, what is -3 - 13?
-20
In base 9, what is -251 + -3?
-254
In base 16, what is -3 - b4c?
-b4f
In base 11, what is 25 + 36?
60
In base 2, what is 10111101 + 100?
11000001
In base 10, what is 42 + 40?
82
In base 4, what is -322 - -1102?
120
In base 13, what is -a6 + -4?
-aa
In base 3, what is -10100 - 11?
-10111
In base 15, what is -21d + 1d?
-200
In base 13, what is -5 - 14?
-19
In base 14, what is -19b - 1?
-19c
In base 8, what is 5 - -32?
37
In base 11, what is a29 - -5?
a33
In base 10, what is -323 + 5?
-318
In base 12, what is 419 + 4?
421
In base 10, what is 34 + -19?
15
In base 5, what is 12 + 4432?
4444
In base 16, what is 6 + 7?
d
In base 15, what is e3 - 3?
e0
In base 3, what is -100120 - 12?
-100202
In base 12, what is 4b - -4?
53
In base 10, what is -70 - 27?
-97
In base 10, what is 28 + 73?
101
In base 7, what is -226 - -105?
-121
In base 9, what is 5 + -13?
-7
In base 4, what is -310033 + 1?
-310032
In base 3, what is -2100 + 0?
-2100
In base 7, what is 2 - -1660?
1662
In base 2, what is 101 + 11011?
100000
In base 14, what is 8 - -25?
2d
In base 14, what is 36 + -d0?
-98
In base 13, what is -132 - -43?
-bc
In base 8, what is 0 - 115?
-115
In base 8, what is 1 + -6417?
-6416
In base 12, what is -5b9a + 4?
-5b96
In base 8, what is -5675 + 4?
-5671
In base 16, what is 229 + 3?
22c
In base 4, what is 3 - -21133?
21202
In base 15, what is -57 + 0?
-57
In base 14, what is 1 - b?
-a
In base 5, what is -3312 - -12?
-3300
In base 2, what is 101 + 101010?
101111
In base 4, what is -30 - -1012?
322
In base 12, what is -2 - 95?
-97
In base 8, what is 3 + 156?
161
In base 16, what is -3 + 13?
10
In base 2, what is 10100 - -1011000?
1101100
In base 14, what is 508 - 2d?
4b9
In base 10, what is -1 + 8?
7
In base 2, what is 101110 + 11?
110001
In base 3, what is 0 + 110020?
110020
In base 14, what is 13 - -a1?
b4
In base 12, what is -4 + -149?
-151
In base 15, what is 8e + -3?
8b
In base 14, what is 1a4 + -5?
19d
In base 15, what is 1 + -924?
-923
In base 10, what is 14 + -121?
-107
In base 11, what is 0 + 3a0?
3a0
In base 7, what is -26 + -6?
-35
In base 7, what is 5 + 3150?
3155
In base 10, what is -877 - 3?
-880
In base 11, what is 5 + -400?
-3a6
In base 6, what is 44444 - -3?
44451
In base 14, what is 1 + -33?
-32
In base 3, what is -1002 + 111?
-121
In base 4, what is -10 - -3?
-1
In base 15, what is -5 - 9?
-e
In base 9, what is -12 + -154?
-166
In base 9, what is -7 - 17?
-25
In base 4, what is -2332 + -3?
-3001
In base 6, what is -205 + 24?
-141
In base 8, what is -2555 + -2?
-2557
In base 4, what is -10201 - 0?
-10201
In base 3, what is -22111 + 1101?
-21010
In base 12, what is -a + -41?
-4b
In base 15, what is 5b + e?
6a
In base 5, what is -3 + -10124?
-10132
In base 2, what is -1000000 + 0?
-1000000
In base 12, what is -176 + -15?
-18b
In base 9, what is 6 - -37?
44
In base 10, what is 963 + 0?
963
In base 11, what is 5648 - -2?
564a
In base 4, what is 11 + 11312?
11323
In base 3, what is 10110 + 10?
10120
In base 3, what is -10 + -10021221?
-10022001
In base 2, what is -1101000011 + -11?
-1101000110
In base 15, what is 11 + 20?
31
In base 12, what is b + -3a?
-2b
In base 11, what is -5258 + 2?
-5256
In base 5, what is 424 - -122?
1101
In base 15, what is 0 - -32?
32
In base 9, what is 0 + -1638?
-1638
In base 12, what is 8 - -43?
4b
In base 14, what is -3b7 + -5?
-3bc
In base 16, what is -213 + -18?
-22b
In base 7, what is -200 - 5?
-205
In base 12, what is -5 + -1934?
-1939
In base 3, what is -2021112 - -1?
-2021111
In base 11, what is 18 + 29?
46
In base 3, what is 2 - 1021?
-1012
In base 2, what is 101 - -11111?
100100
In base 13, what is -186 - -8?
-17b
In base 14, what is -b - -55?
48
In base 5, what is 1002 - -3?
1010
In base 8, what is -11 - 111?
-122
In base 15, what is 7 - 1d7?
-1d0
In base 6, what is -1055 + -5?
-1104
In base 13, what is -248 + -27?
-272
In base 12, what is -3 + -71b?
-722
In base 12, what is 0 - -65?
65
In base 5, what is 44 - -2?
101
In base 13, what is -170 - 1?
-171
In base 13, what is 5 + 46?
4b
In base 10, what is 104 + -9?
95
In base 3, what is -101 + 1002?
201
In base 11, what is 188 - 8?
180
In base 14, what is -b0 - 7?
-b7
In base 15, what is 1 + 8c?
8d
In base 6, what is 114 + 100?
214
In base 7, what is -2423 + -25?
-2451
In base 8, what is 4 - 17?
-13
In base 12, what is -6 + 14?
a
In base 14, what is 3 - 193?
-190
In base 5, what is -1 + 41?
40
In base 7, what is 125 + -6?
116
In base 4, what is 2 - 312?
-310
In base 8, what is -536 - 3?
-541
In base 12, what is -5a - 4?
-62
In base 6, what is -1 + 101344?
101343
In base 3, what is -1022 - 11?
-1110
In base 16, what is 46 - -4?
4a
In base 2, what is -111010001011 - -11?
-111010001000
In base 10, what is 2853 - -5?
2858
In base 11, what is -18 + -15?
-32
In base 6, what is -10 - -1?
-5
In base 14, what is -119 + 1d?
-da
In base 9, what is -42 - 1?
-43
In base 12, what is 21b + 4?
223
In base 2, what is -1000 + 1010000?
1001000
In base 8, what is -3 + 100?
75
In base 11, what is 534 + -5?
52a
In base 13, what is 3a + 54?
91
In base 13, what is 11cc - -5?
1204
In base 3, what is 2 + -2010?
-2001
In base 10, what is 4 - 191?
-187
In base 4, what is 103 - 20?
23
In base 4, what is -30 + -203?
-233
In base 6, what is 1 + 4355?
4400
In base 13, what is 34 - a?
27
In base 5, what is 1 + 1001?
1002
In base 2, what is -10000 - 110?
-10110
In base 4, what is -102231 + -10?
-102301
In base 12, what is -9 + -1a?
-27
In base 14, what is 1 + -52d?
-52c
In base 16, what is -2 - -13f?
13d
In base 16, what is -e86 + -3?
-e89
In base 7, what is -5 + -411?
-416
In base 6, what is 4 - 353?
-345
In base 11, what is -9 - 56?
-64
In base 13, what is -302 + -1a?
-31c
In base 10, what is 2 - -960?
962
In base 16, what is 5c8 + 2?
5ca
In base 10, what is 